h**5/20 - 5*h**4/12 - 2*h**3/3 + 5*h. What is j(6)?
12
Let z(m) be the second derivative of -m**4/12 - m**3/6 - m**2/2 + m. Let c = 31 - 34. Determine z(c).
-7
Let t(m) = 6*m + m**3 - 19424*m**2 + 2 + 19429*m**2 - 2*m. Let q(u) = -u + 10. Let o be q(5). Suppose 0 = 5*r - h + 19, 0 = 2*h - 3 - o. Determine t(r).
8
Suppose -16 = -3*k + t, -2*t = -5*k + 13 + 14. Let g(m) = 2*m - 4. What is g(k)?
6
Let u = -559 + 33541/60. Let m(n) be the third derivative of 1/8*n**4 - 1/3*n**3 + 0*n + 0 - u*n**5 - n**2. What is m(2)?
0
Let v(h) = h - 4. Let p = 6 + -2. Let t be v(p). Suppose 4*z + 5*q = -26, -4*z + t*q - 24 = 4*q. Let f(n) = -n**3 - 5*n**2 - 3*n + 5. Determine f(z).
1
Let u(a) = -a**2 + 4*a + 7. Let y = -19 + 10. Let h be (-47)/y + (-6)/27. Give u(h).
2
Let y(p) be the third derivative of p**5/30 - p**4/4 + p**3/3 + p**2. Suppose 8*f - 2*f = 24. Determine y(f).
10
Let y(t) be the second derivative of t**4/12 + 2*t**3 + 3*t**2 + 3*t. Let o be y(-12). Let j(k) = k**3 - 7*k**2 + 6*k - 3. Calculate j(o).
-3
Let c be (-4)/(-4) - 1*2. Suppose w + 4*y + 17 = 0, -2*y - 4 = -w + 3*w. Let r(g) = -g + 2*g**2 - 2 + g**w + 3 + 3*g. What is r(c)?
0
Let p(k) be the second derivative of k**4/12 + 5*k**3/6 - 7*k**2/2 + 10*k. Give p(-6).
-1
Let o(k) = -3*k**2 + k. Let f be 0 + -3 + 5 + -3. Determine o(f).
-4
Suppose 11 + 1 = 4*f. Let j(s) be the first derivative of -s**2/2 + 1. Determine j(f).
-3
Suppose -2*c - 3*a = -c - 9, c - 9 = 4*a. Suppose 4*o + 5*r - c = 0, r = o - 4*r + 29. Let l(b) = b**2 + 2*b - 5. What is l(o)?
3
Let c(t) be the second derivative of -t**3/3 - 3*t**2/2 + 2*t. Let h be c(-4). Suppose x - 2*x = -h. Let w(d) = d**2 - 5*d - 1. Give w(x).
-1
Let k be -4*(7/4 - 2). Let y(t) = -2*t + 2*t + t + k. Calculate y(5).
6
Let p(o) be the second derivative of 3*o**5/4 - o**2/2 - 19*o. Determine p(1).
14
Let j(y) = -y + 6. Suppose 3*q - 8 = -3*f + 16, -1 = 3*q - 2*f. Determine j(q).
3
Let f(o) be the third derivative of o**6/120 + o**5/15 - o**4/4 - o**3/6 + 5*o**2. Let l(s) = -2*s**2 + 2*s - 1. Let v be l(2). What is f(v)?
4
Let p(b) = 21*b**3 + b + 1. Let o be p(-1). Let z be 3/(-18) - o/18. Let i(x) = -6*x**3 + 1. What is i(z)?
-5
Let i(u) = 2*u - 1. Let p(m) = 3*m - 2. Let t(b) = 6*i(b) - 5*p(b). Calculate t(3).
-5
Let q(i) = -i**3 + 3*i - 1. Let p be q(2). Let n be p/(-6) + (-10)/(-4). Let c(f) be the second derivative of f**4/12 - f**3/3 - 2*f**2 - 5*f. What is c(n)?
-1
Let z(i) = 2*i**2 + i**3 + 1 + 0*i**3 + i + i**2. Suppose 4*n = -0*n - 20, 5*n + 16 = 3*m. Give z(m).
-2
Let s(y) be the first derivative of y**4/4 + 2*y**3 + y**2 + 3*y + 2. Give s(-6).
-9
Let i(s) be the third derivative of 0 - 1/6*s**3 + 0*s + s**2 - 5/24*s**4. Let c be ((-18)/(-27))/(4/(-6)). Give i(c).
4
Suppose -3*k = 4*k - 9*k. Let a(n) be the first derivative of -1/3*n**3 + 3 + 0*n**2 + k*n. Determine a(2).
-4
Let u(v) be the third derivative of -v**4/24 - 5*v**3/6 - 58*v**2. What is u(-4)?
-1
Let k(s) be the second derivative of -s**4/24 - 5*s**3/6 - 2*s**2 + 2*s. Let q(r) be the first derivative of k(r). Determine q(-5).
0
Let a(j) = j**3 + 5*j**2 + j - 3. Let o be a(-3). Let f(i) = -i**2 + 11*i + 16. Let c be f(o). Let b(d) = 0 + 2*d - 4*d - 2*d**2 + 0 - c + d**3. Calculate b(3).
-1
Let f(z) = -z**2 - 5*z - 4. Let w(i) = i - 14. Let q be w(11). Determine f(q).
2
Let s(x) = x**3 - 2*x + 1. Let h(r) = -2*r + 9. Let y be h(7). Let c = y + 7. Suppose 2 = -c*w + w. Calculate s(w).
-3
Let w(u) = -7 + 0*u + 8 - u. Suppose -b = 2*b - 12. Suppose 5*y + z = 28, b*y = -0*z + 3*z + 11. Determine w(y).
-4
Let s(a) be the second derivative of 6*a + 1/6*a**3 + 3/2*a**2 + 0. Let p = -6 + 2. What is s(p)?
-1
Suppose -18*t - 48 = -42*t. Let r(f) be the third derivative of -f**6/60 + f**5/60 - f**4/24 - f**3/3 - f**2. Give r(t).
-16
Let h = -8 + 5. Let t be h - (3 - 12/2). Let u be 6*(2/(-3) - t). Let i(p) = -p**2 - 4*p - 6. Calculate i(u).
-6
Let x(z) = z**2 + 2*z - 3. Suppose -20 = -3*v - v. Let p = -3 + v. Calculate x(p).
5
Let q(g) = -g. Let c(f) = 6*f**3 + f**2 - 1. Let t be c(1). Suppose j + t = -a, 3*j - 1 = -4. Calculate q(a).
5
Let r(f) = 5*f**3 - f**2 - f + 1. Let p(t) = -t**3 + 2*t**2 + 2*t - 3. Let a be p(2). Determine r(a).
4
Let o(m) = m**3 - 8*m**2 - 9*m + 12. Let d be o(9). Let s be (d/(-9))/((-2)/(-3)). Let w(a) = -a**3 - 4*a**2 - 3*a. Determine w(s).
-2
Let k(u) = -u**3 - 6*u**2 - 3*u - 1. Let b be (3 - -1) + 19 + -28. Calculate k(b).
-11
Let i(a) = 5*a + 5. Let h(n) = -3*n - 2. Let y(d) = -5*h(d) - 2*i(d). Let c = 186 - 187. Determine y(c).
-5
Let y(l) be the third derivative of l**8/20160 + l**7/1008 + l**6/180 + l**5/60 - l**2. Let x(i) be the third derivative of y(i). Calculate x(-4).
0
Suppose -2*o + 1 = -3*j, 2*j - 5*j - 2 = -o. Let h(x) = 10*x - 4. Let f(m) = 7*m - 3. Let z(k) = 3*f(k) - 2*h(k). Calculate z(j).
-2
Let l be 24/(0 - -4) + -1. Suppose 4*b + 0*d - 50 = 5*d, 0 = 3*b - 2*d - 34. Suppose 3*k - b = l*k. Let w(y) = -y. Give w(k).
5
Let x(y) = 3*y**2 - 2*y - 2. Suppose -4*a = -15 + 23. Give x(a).
14
Let s(l) = l. Let u(j) = 2*j**2 + j - 1. Let w be u(1). Suppose -3*y - 2*n = 3*n - 16, -6 = w*y - 5*n. Suppose 4*a + 6 - y = 0. Give s(a).
-1
Let n(u) = 2 + 0*u - 4*u + 2*u. Calculate n(2).
-2
Let l be -1*((-3 - -1) + -1). Let o(y) = 2*y + 2 + l - 5. What is o(1)?
2
Let x = 1 + 1. Let l(z) be the second derivative of -z**4/12 + z**3/2 + z**2/2 - 2*z. Let d be l(x). Let y(h) = -h**3 + 3*h**2 + 3*h - 4. Give y(d).
5
Let r(t) be the first derivative of -t**3/3 + 3*t**2/2 - 3*t - 31. Suppose 3*w + 3 = 4*w. Determine r(w).
-3
Let k = -3 + 14. Suppose -9*o = -k*o. Let d(m) = m**2 + m + 4. Calculate d(o).
4
Let q(s) = -s**3 + 3*s**2 + 2*s + 1. Let x(u) = -u**2 - 9*u + 14. Let z be x(-10). Determine q(z).
-7
Suppose i - 4*z - 24 = 0, -5*z + 5 - 14 = 4*i. Let o(n) = 1 - 6*n**2 + 3*n**2 + i*n**2 - n. Let v = 0 + 2. Calculate o(v).
3
Let l(h) be the third derivative of -h**7/5040 - h**6/180 - h**5/30 + 2*h**2. Let f(a) be the third derivative of l(a). What is f(-4)?
0
Let w = 67/12 - 16/3. Let m(q) be the first derivative of 3*q**2 - w*q**4 + q**3 + 2 - 2*q. Calculate m(4).
6
Let n(j) be the second derivative of j**5/20 + j**4/12 - j**3/2 - 3*j**2/2 - 2*j. Let k be n(-2). Let i(h) = -3*h**3 - 1. Calculate i(k).
2
Let h(p) be the second derivative of 0*p**3 + 0*p**2 - 1/12*p**4 + 0 + p. Calculate h(0).
0
Let k(g) = -g - 15. Let i be k(0). Let j be -10*(6/i + 0). Let z(a) = j - 2 + a + 0. Give z(0).
2
Let w(i) = 2*i - 7. Let f(o) = o - 3. Let m(v) = 7*f(v) - 3*w(v). Let l = 21 + -13. Let j = l + -4. Determine m(j).
4
Suppose 3*b = 2*u - 3, -3*u + 7*b - 4*b = -6. Let f(o) = -2*o**2 + 3*o + 2. Give f(u).
-7
Let i(l) = -l**3 - 4*l**2 + 4*l + 1. Suppose -3*n + h + 0*h - 13 = 0, 2*n = -2*h - 14. Determine i(n).
6
Suppose 2*q + 3*c = -20, 2*q - 4 = 2*c + c. Let w = -6 - q. Let j be w/(-3) - 20/(-6). Let i(f) = f**2 - 2*f + 1. Give i(j).
9
Let q(w) = -2 - 5 + 2 - w - 1. Give q(-5).
-1
Let y(x) = -x**3 + 4*x**2 + 5*x - 3. Suppose 0 = 14*r - 9*r - 25. Calculate y(r).
-3
Let p be 2*-1 - 4/(-2). Suppose -4*z + 12 = p, 0*a - 9 = a - 2*z. Let u(m) = -m - 5*m - 6*m + 3 + 13*m. Give u(a).
0
Suppose -4*s + 12 - 1 = m, -s + 5 = -2*m. Let h(n) = -5*n**2 - 9 - 83*n + 11 + 4*n**2 + 82*n. Determine h(s).
-10
Let f = -5 - -2. Let v = f + 8. Let z(h) = -2*h - 8*h + 2 - h**3 + 0*h**2 + 6*h**2 + 4*h. What is z(v)?
-3
Let z(x) = 3*x**2 - 5*x + 4. Let b be z(2). Let a(y) = -63 + 63 - 2*y**2 - 3*y + b*y. Determine a(3).
-9
Let x(j) be the second derivative of -j**4/12 - j**3/6 - j**2/2 - 4*j. Give x(-1).
-1
Let c(v) be the first derivative of -v**4/12 + v**3/6 - v**2/2 - v + 2. Let y(d) be the first derivative of c(d). Determine y(1).
-1
Let h(n) = n**2 + 4*n + 4. Let s(l) = 5*l + 4. Let o be s(-2). Calculate h(o).
16
Let c = 23 + 3. Suppose f + j - 7 = -0*f, 4*f - c = -2*j. Let o(w) = w**3 - 5*w**2 - 6*w + 6. What is o(f)?
6
Let s(o) = o**3 - 7*o**2 + 2*o - 7. Suppose 2*w = 5*w - 4*r - 17, 26 = 3*w + 5*r. What is s(w)?
7
Let x(u) be the third derivative of -1/24*u**4 + 0*u**3 + 0*u + 0 + 7*u**2. Give x(-4).
4
Let k = 4 - 7. Let s(r) = r**2 + 6*r. Calculate s(k).
-9
Let l(p) be the second derivative of -2*p**3/3 + 5*p**2 + 3*p. Calculate l(7).
-18
Let j(x) be the first derivative of x**3/3 - 4*x**2 